{"id":887,"date":"2020-07-01T14:12:11","date_gmt":"2020-07-01T12:12:11","guid":{"rendered":"http:\/\/csoullins.org\/?page_id=887"},"modified":"2026-03-04T11:57:09","modified_gmt":"2026-03-04T10:57:09","slug":"petite-enfance","status":"publish","type":"page","link":"https:\/\/csoullins.org\/index.php\/activites-services\/petite-enfance\/","title":{"rendered":"Petite Enfance \/ 0-4 ans"},"content":{"rendered":"\n<p>Les professionnels de nos EAJE (Etablissements d\u2019accueil du Jeune Enfant) vous accompagnent pour faire grandir vos enfants, gr\u00e2ce \u00e0 la richesse de nos \u00e9changes, \u00e0 nos lieux d\u2019accueil chaleureux et s\u00e9curisants, \u00e0 votre participation \u00e0 nos nombreux projets.<\/p>\n\n\n\n<h4 class=\"wp-block-heading\">INSCRIPTION<\/h4>\n\n\n\n\n\n<h4 class=\"wp-block-heading\" style=\"font-size:clamp(20px, 1.25rem + ((1vw - 3.2px) * 1.176), 32px);px\">EAJE Les Poussins<\/h4>\n\n\n\n<p>Adresse :&nbsp;91 Rue de la R\u00e9publique&nbsp;69600 Oullins&nbsp;(Site Moreaud)<br>T\u00e9l\u00e9phone :&nbsp;04 72 66 39 37<br><strong>P\u00e9riode d&rsquo;ouverture : du&nbsp;lundi au vendredi&nbsp;de 8h00 \u00e0 18h00<\/strong><\/p>\n\n\n\n<figure class=\"wp-block-image alignright is-resized\"><a href=\"https:\/\/solidarites-sante.gouv.fr\/affaires-sociales\/familles-enfance\/accueil-du-jeune-enfant\/article\/les-creches-a-vocation-d-insertion-professionnelle-avip\" target=\"_blank\" rel=\"noreferrer noopener\"><img decoding=\"async\" src=\"https:\/\/csoullins.org\/wp-content\/uploads\/2020\/04\/logo-eje-1024x1024.jpg\" alt=\"\" class=\"wp-image-858\" style=\"width:99px;height:99px\"\/><\/a><\/figure>\n\n\n\n<h4 class=\"wp-block-heading\" style=\"font-size:clamp(20px, 1.25rem + ((1vw - 3.2px) * 1.176), 32px);px\">EAJE Les Tchoutchou<\/h4>\n\n\n\n<p>Adresse : 11 Rue de la convention 69600 Oullins (Site Saulaie)<br>T\u00e9l\u00e9phone : 04 78 50 18 35<br><strong>P\u00e9riode d&rsquo;ouverture : du lundi au vendredi de 7h45 \u00e0 18h15<\/strong><\/p>\n\n\n\n<p>L\u2019EAJE Tchoutchou est&nbsp; labellis\u00e9 \u00a0\u00bb cr\u00e8che AVIP\u00a0\u00bb (Cr\u00e8che \u00e0 vocation d&rsquo;insertion professionnelle). Nous r\u00e9servons quelques places aux jeunes enfants&nbsp;(de 0 \u00e0 3 ans)&nbsp;de parents en situation de recherche d\u2019emploi, volontaires pour s&rsquo;engager dans une recherche intensive. Il s&rsquo;agit d&rsquo;un accompagnement social et professionnel en vue de leur int\u00e9gration durable sur le march\u00e9 du travail.<\/p>\n\n\n\n<hr class=\"wp-block-separator has-css-opacity is-style-wide is-style-wide--1\"\/>\n\n\n\n<h3 class=\"wp-block-heading\" style=\"font-size:clamp(20px, 1.25rem + ((1vw - 3.2px) * 1.176), 32px);px\">Les Ateliers <\/h3>\n\n\n\n<p>(\u00e0 destination des familles inscrites)<\/p>\n\n\n\n<h4 class=\"wp-block-heading\"><strong>Comptines, berceuses et petites histoires polyglottes<\/strong><\/h4>\n\n\n\n<p><strong>L\u2019EAJE \u201fLes Poussins\u201d <\/strong>et les cours de langue fran\u00e7aise&nbsp;&nbsp;proposent des s\u00e9ances de lecture aupr\u00e8s des enfants, \u00e0 raison d\u2019une fois par mois. L\u2019atelier est bas\u00e9 sur le libre-\u00e9change et le plaisir partag\u00e9. Tout le monde est l\u00e0 pour donner, apprendre, partager \u00e0 partir de ses comp\u00e9tences et du r\u00e9pertoire de chacun.<\/p>\n\n\n\n<h4 class=\"wp-block-heading\"><strong>Place au jeu<\/strong><\/h4>\n\n\n\n<p><strong>L\u2019EAJE \u201fLes Poussins\u201d<\/strong> propose aux parents de prendre part \u00e0 la vie de la structure et de voir \u00e9voluer leurs enfants dans leur milieu collectif, en partageant un moment autour du jeu.  <\/p>\n\n\n\n<h4 class=\"wp-block-heading\"><strong>Parents\/ Enfants<\/strong><\/h4>\n\n\n\n<p><strong>Les EAJE \u201fTchou-tchou\u201c et \u201fPoussins\u201d<\/strong> invitent les familles \u00e0 une journ\u00e9e cr\u00e9ative et champ\u00eatre. Un moment de partage, autour d\u2019ateliers ludiques.  <\/p>\n\n\n\n<h4 class=\"wp-block-heading\"><strong>Baby gym<\/strong><\/h4>\n\n\n\n<p><strong>Les EAJE \u201fTchou-tchou\u201c et \u201fPoussins\u201d<\/strong> proposent des s\u00e9ances de baby gym en lien avec le Club Gymnastique Volontaire Oullins &#8211; GV Oullins &#8211; Les s\u00e9ances sont hebdomadaires.&nbsp;<\/p>\n\n\n\n<div class=\"wp-block-columns is-layout-flex wp-container-core-columns-is-layout-28f84493 wp-block-columns-is-layout-flex\">\n<div class=\"wp-block-column is-layout-flow wp-block-column-is-layout-flow\"><\/div>\n\n\n\n<div class=\"wp-block-column is-layout-flow wp-block-column-is-layout-flow\">\n<figure class=\"wp-block-embed is-type-video is-provider-youtube wp-block-embed-youtube wp-embed-aspect-9-16 wp-has-aspect-ratio\"><div class=\"wp-block-embed__wrapper\">\n<iframe loading=\"lazy\" title=\"20260130_BabyGym\" width=\"422\" height=\"750\" src=\"https:\/\/www.youtube.com\/embed\/acqGsvA3nHI?feature=oembed\" frameborder=\"0\" allow=\"accelerometer; autoplay; clipboard-write; encrypted-media; gyroscope; picture-in-picture; web-share\" referrerpolicy=\"strict-origin-when-cross-origin\" allowfullscreen><\/iframe>\n<\/div><\/figure>\n<\/div>\n\n\n\n<div class=\"wp-block-column is-layout-flow wp-block-column-is-layout-flow\"><\/div>\n<\/div>\n\n\n\n<h4 class=\"wp-block-heading\"><strong>Juste le temps d\u2019une histoire<\/strong><\/h4>\n\n\n\n<p><strong>L&rsquo;EAJE \u00ab\u00a0Tchoutchou\u00a0\u00bb<\/strong> propose des ateliers livres pour vivre des moments de partage avec votre enfant, autour du livre,suivant un planning.<\/p>\n\n\n\n<h4 class=\"wp-block-heading\"><strong>Caf\u00e9 parents<\/strong>&nbsp;<\/h4>\n\n\n\n<p><strong>L&rsquo;EAJE \u00ab\u00a0Tchoutchou\u00a0\u00bb&nbsp;<\/strong>organise un espace&nbsp;de rencontre entre parents, sans leur&nbsp;enfant,&nbsp;pour \u00e9changer de mani\u00e8re libre et conviviale,&nbsp;pour&nbsp;tisser des liens avec d\u2019autres parents et avec les professionnels.&nbsp;Ces caf\u00e9s parents se d\u00e9roulent les matins&nbsp;\u00e0&nbsp;8h30, ou les soirs&nbsp;\u00e0&nbsp;16h30,&nbsp;suivant un planning \u00e9tabli.<\/p>\n","protected":false},"excerpt":{"rendered":"<p>Les professionnels de nos EAJE (Etablissements d\u2019accueil du Jeune Enfant) vous accompagnent pour faire grandir vos enfants, gr\u00e2ce \u00e0 la richesse de nos \u00e9changes, \u00e0 nos lieux d\u2019accueil chaleureux et s\u00e9curisants, \u00e0 votre participation \u00e0 nos nombreux projets. INSCRIPTION EAJE Les Poussins Adresse :&nbsp;91 Rue de la R\u00e9publique&nbsp;69600 Oullins&nbsp;(Site Moreaud)T\u00e9l\u00e9phone :&nbsp;04 72 66 39 37P\u00e9riode [&hellip;]<\/p>\n","protected":false},"author":1,"featured_media":0,"parent":876,"menu_order":1,"comment_status":"closed","ping_status":"closed","template":"","meta":{"footnotes":""},"class_list":["post-887","page","type-page","status-publish","hentry"],"_links":{"self":[{"href":"https:\/\/csoullins.org\/index.php\/wp-json\/wp\/v2\/pages\/887","targetHints":{"allow":["GET"]}}],"collection":[{"href":"https:\/\/csoullins.org\/index.php\/wp-json\/wp\/v2\/pages"}],"about":[{"href":"https:\/\/csoullins.org\/index.php\/wp-json\/wp\/v2\/types\/page"}],"author":[{"embeddable":true,"href":"https:\/\/csoullins.org\/index.php\/wp-json\/wp\/v2\/users\/1"}],"replies":[{"embeddable":true,"href":"https:\/\/csoullins.org\/index.php\/wp-json\/wp\/v2\/comments?post=887"}],"version-history":[{"count":15,"href":"https:\/\/csoullins.org\/index.php\/wp-json\/wp\/v2\/pages\/887\/revisions"}],"predecessor-version":[{"id":3031,"href":"https:\/\/csoullins.org\/index.php\/wp-json\/wp\/v2\/pages\/887\/revisions\/3031"}],"up":[{"embeddable":true,"href":"https:\/\/csoullins.org\/index.php\/wp-json\/wp\/v2\/pages\/876"}],"wp:attachment":[{"href":"https:\/\/csoullins.org\/index.php\/wp-json\/wp\/v2\/media?parent=887"}],"curies":[{"name":"wp","href":"https:\/\/api.w.org\/{rel}","templated":true}]}}